**2 + 0*s**2 - 21 - 12*s**2 + 11*s**2 + 9*s. Let f be (1 - 0)/(2/14). What is the tens digit of o(f)?
4
Suppose 8733 = 3*p - 6003. Suppose p = 19*l - 11*l. What is the hundreds digit of l?
6
Let i(o) = 23*o + 42. Let f(c) = 159*c + 288. Let z(q) = -4*f(q) + 27*i(q). Suppose 18 = -3*w - 0. What is the tens digit of z(w)?
7
Let p(t) be the third derivative of 3*t**6/20 - t**5/30 - t**4/12 + 7*t**3/6 - 105*t**2. What is the tens digit of p(3)?
6
Let j be (124 - 0) + (-4 - -8). Suppose 10*x - 11*x = -j. Let t = x + -70. What is the tens digit of t?
5
Let p(v) = 4*v**2 - 346*v + 337*v + 5*v**2 + 7 - 2*v**2. What is the units digit of p(-9)?
5
Let d = 6769 - 921. What is the thousands digit of d?
5
Let y = -87575 + 140129. What is the tens digit of y?
5
Let j(w) = 3*w**3 + w**2 - 4*w + 3. Let a be j(1). Suppose -a*k + 54 = 4*r, 0 = -2*k + 2*r + 19 + 3. Suppose 9*t + 290 = k*t. What is the tens digit of t?
5
Let p = 1656 + 6238. What is the hundreds digit of p?
8
Suppose 71*m = 70*m + 3. Suppose 0 = o + 3*j - 7, -3 - 3 = -3*j. What is the units digit of o/((-1)/(-3))*8/m?
8
Suppose -3 = 18*w - 19*w. Let i be (39/9 - w)/((-6)/(-18)). Suppose 3*m - 15 = 0, -i*m = 5*b - 1489 + 214. What is the units digit of b?
1
Let f(d) = 117*d + 140. Let c be f(18). Let g = c + -1205. What is the tens digit of g?
4
Let x be (-118)/(-472)*12*1. Let y(n) = 5*n**2 - 7 + 2*n**3 + 5*n**3 + 0*n**3 - 5*n. What is the tens digit of y(x)?
1
Let s(i) = 99*i**3 - 2*i + 2. Let j(t) = -11385*t**3 + 231*t - 231. Let b(q) = 2*j(q) + 231*s(q). Let p be b(-1). Let v = -60 - p. What is the units digit of v?
9
Let n be (9/12)/((72/15584)/3). Let o = n - -395. What is the units digit of o?
2
Let l be 10/3*12/(-5). Let a be (35/20)/((-2)/l). Let h = a - -4. What is the units digit of h?
1
Suppose 232*j - 258*j = -2257476. What is the hundreds digit of j?
8
Let y = 129 - 52. Let t = y + -77. Suppose -28*b + 29*b - 16 = t. What is the tens digit of b?
1
Let j = -345 - -536. Suppose -21*o - j = -22*o. What is the units digit of o?
1
Let k(x) be the third derivative of 11/15*x**6 + 0 - 1/12*x**4 + 0*x + 1/3*x**3 + 14*x**2 - 1/60*x**5. What is the tens digit of k(1)?
8
Let y(l) = -3578*l + 820. What is the units digit of y(-7)?
6
Suppose 2*z = 2*q + 28, -5*z + 42 = -2*z - q. Suppose 4*i - 15 = 5*k, -3*i + k = -0 - z. Suppose 0 = 5*g + i - 80. What is the tens digit of g?
1
Let y(p) be the second derivative of -p**5/20 - p**4/3 - p**3/3 + 9*p**2/2 - 19*p. What is the units digit of y(-8)?
1
Suppose 0 = -15*l + 19*l - 8. Suppose -l*b - 8 = -4*b. Suppose -a + 275 = b*k, -a + 279 = -0*a + 5*k. What is the hundreds digit of a?
2
Let b(r) = 3848*r**2 - 7*r - 4. Let k be b(-1). Suppose -k = -6*m + 1051. What is the hundreds digit of m?
8
What is the thousands digit of ((-14)/28)/((-36)/(-8)) - 2155986/(-81)?
6
Suppose -3*k + 2 = 2*j, -16*k + 22 = 4*j - 19*k. Let n(v) = 27*v**3 - 4*v**2 + 30*v - 9. What is the thousands digit of n(j)?
1
Suppose -3*o = -8*q + 12*q - 6261, -3*q = -4*o + 8373. What is the hundreds digit of o?
0
Let k(o) = -o**2 + 3*o**2 + 343*o + 1034 - 339*o. What is the hundreds digit of k(0)?
0
Suppose -150883 = 96*o - 891043. What is the thousands digit of o?
7
Let q(j) be the first derivative of -49*j**2/2 + 177*j + 218. What is the tens digit of q(-12)?
6
What is the units digit of 88/176*(-3 - -17565)?
1
Let q = -132 - -138. What is the units digit of ((-16)/q)/(2*7/(-483))?
2
Let t = 927 + -933. What is the hundreds digit of (2/t)/((-4)/4476)?
3
Suppose -76*a + 18 = -75*a. Suppose 3*d + h - 60 = 0, 3*d - 2*h - a = 51. Suppose -f = -d - 15. What is the tens digit of f?
3
Let r(d) = 33*d**2 - 23*d - 84. Let i(o) = -3*o**2 - 36*o - 6. Let p be i(-12). What is the tens digit of r(p)?
4
What is the thousands digit of -2*2/4 - (-66 - 6)*124?
8
Suppose -w = 5, 0*w - 3*w = 5*u + 30. Let r be ((-3)/(u/28))/(4/2). Let k = 60 - r. What is the units digit of k?
6
Let o(g) = -8*g - 5. Let q be o(-1). Let r be (18/(-6))/((-2 + q)*-1). Suppose 5*a - 33 = -5*b + b, 0 = a - r*b + 1. What is the units digit of a?
5
Suppose -3*l = -4*d - 2*l - 6, -2*d = 3*l + 10. Let r(p) = 5*p - 3. Let m(y) = -9*y + 5. Let n(w) = d*m(w) - 5*r(w). What is the units digit of n(-9)?
8
Let m = 21039 - -11217. What is the hundreds digit of m?
2
Let l = -2311 - -8895. What is the units digit of l?
4
Let v(s) = -s**3 - 7*s**2 + 5*s + 15. Let i be v(-6). Let g = -11 - i. Let h = g - 34. What is the units digit of h?
6
Let l(c) = -37*c - 12. Let k be (-3)/18 + (-47)/6. What is the hundreds digit of l(k)?
2
What is the thousands digit of (-39 - -44) + (6171 - -6) + 5?
6
Suppose 40 = 6*c - 2*c + 5*b, c + 15 = 5*b. Suppose -c*o = -4*j - 146, j + 1 = 2. What is the units digit of o?
0
Suppose 0 = 5*s - 2*a + 10, 4*a + 10 = -s + 6*a. Suppose -2*d - 3*d - 230 = s. Let g = d + 79. What is the units digit of g?
3
Let g be (-654)/24 - 11/(-44). What is the units digit of 6/(-27) - 36861/g?
5
Let j(a) = a**3 - 3*a**2. Let w(m) = -11*m**3 + 21*m**2 - 4*m - 7. Let p(x) = 10*j(x) + w(x). Suppose -15 = 5*c + 35. What is the hundreds digit of p(c)?
1
Let k be 557*2/(-3) - 80/120. What is the thousands digit of 1/((-3)/9)*(k - -6)?
1
Suppose 0 = 18*y - 18057 + 4665. Suppose 0 = 4*r - 6*r + y. What is the hundreds digit of r?
3
Suppose 1412928 = -40*z + 18*z + 198*z. What is the units digit of z?
8
Suppose -13*i + 143 = -39. What is the units digit of 76384/(-176)*(-1 + 2/i)?
2
Let f(z) be the second derivative of 31*z**4/2 - 3*z**3 - 3*z**2 - 8*z - 3. What is the units digit of f(2)?
2
Suppose -1320 = 4*s - 4*c, 4*c + 15 + 1 = 0. Let a(p) = 480*p**2 + 12*p + 11. Let z be a(-1). Let n = z + s. What is the units digit of n?
5
Let x be 11/((-11)/(-64)) + (-1 - 1). Let l = 154 - x. Let n = 9 + l. What is the tens digit of n?
0
Let q(z) = z**2 - z**2 + 13*z**3 - 6*z - 12 + 10 - z**2 + 16. What is the hundreds digit of q(3)?
3
Let x(f) = 4*f**3 + 7*f - 4. Let c be 35/(11 - 6) + -3 + 1. Let h be x(c). Let t = h - 332. What is the units digit of t?
9
Suppose -10*a + 6*a = -16. Suppose -5*v = 4*h - 2*h + 383, a*h + 787 = -3*v. Let p = h - -359. What is the units digit of p?
0
Let f(i) = -i**3 - 16*i**2 - 14*i + 22. Suppose -6*b - 45 = -3*b. Let m be f(b). Suppose -2*k - 94 = -4*j, -2*k + 51 = 2*j - m*k. What is the units digit of j?
3
Let r = -431 - -436. Suppose z - 5*j = 1814, -r*z = 4*j - 7197 - 1931. What is the thousands digit of z?
1
What is the tens digit of -212*(-1812)/6*((-204)/(-24) - 8)?
1
Let r = -32 + 4. Let q = r - -21. What is the units digit of (4 + 0 + q)/(-1)?
3
Let m be -6 - 76 - (-1)/(-1). Let l = -82 - m. What is the hundreds digit of (-3)/l + 4 + 168?
1
Let z = 16946 + -2635. What is the tens digit of z?
1
Let y(l) = -l**2 - 6*l + 6. Let v be (3 + -9)*(-5)/(-5). Let j be y(v). Suppose 4*s + 2*k = j*k + 272, 0 = -2*k - 8. What is the units digit of s?
4
Let h be 12/(((-2)/8)/((-7)/(-4))). What is the tens digit of (-24)/9*15561/h?
9
Let d(s) = -2*s**2 - 6*s + 12. Let b be d(-5). What is the units digit of 6/24 - 2070/b?
9
Let n(h) = h**2 + 19*h - 8. Let y be ((-5)/10)/(3/174). What is the hundreds digit of n(y)?
2
Let b = -87 + 102. Let v = -14 + b. What is the units digit of (-4 - v) + 6 + 132?
3
Let w be ((-66)/2)/((-9)/27). Let c = w + 806. What is the units digit of c?
5
Let f(i) = 103*i - 726. What is the hundreds digit of f(49)?
3
Suppose -9*f = 4*f - 39. Suppose f*g - 351 = -q + 843, 0 = -5*q. What is the units digit of g?
8
Suppose 0 = 2*y + 4*j - 3504, -j = y - 1932 + 178. What is the hundreds digit of y?
7
Let p = -13253 + 42732. What is the thousands digit of p?
9
Let s = -7380 - -27824. What is the ten thousands digit of s?
2
Let o be ((-10 - -2) + -10)*1/(-3). Suppose r + 160 = v + o*r, -3*r = -12. What is the tens digit of v?
4
Suppose n = 4*o - 12, -2*n - 3*o - o + 24 = 0. Suppose n*c = -3*l + 2815, 2*c + 4*l = 1920 - 520. What is the hundreds digit of c?
7
Suppose -18169 = -5*y + 4*m, 3*y + 2*m - 10901 = 4*m. What is the thousands digit of y?
3
Suppose -2*n + 4022 = 2*m, 2*m - 6*n = -n + 4057. What is the tens digit of m?
1
Let k(a) = 7*a**2 + 5*a**2 - 7 - 1600*a + 1604*a + 16. What is the hundreds digit of k(-7)?
5
Let x be (-4)/(-2) + (-2)/2*-3598. Suppose -18*t = -6*t - x. What is the units digit of t